{"id":41,"date":"2024-11-27T17:11:59","date_gmt":"2024-11-27T20:11:59","guid":{"rendered":"http:\/\/allthebasics-com-br.umbler.net\/?page_id=41"},"modified":"2024-11-29T13:27:37","modified_gmt":"2024-11-29T16:27:37","slug":"politica-de-cookies","status":"publish","type":"page","link":"https:\/\/allthebasics.com.br\/?page_id=41","title":{"rendered":"Pol\u00edtica de cookies"},"content":{"rendered":"\n<h1 class=\"wp-block-heading has-large-font-size\"><strong>Pol\u00edtica de Cookies<\/strong><br><\/h1>\n\n\n\n<p>O site <strong>All the Basics English Online<\/strong> utiliza cookies para melhorar a experi\u00eancia de navega\u00e7\u00e3o.<\/p>\n\n\n\n<h2 class=\"wp-block-heading has-medium-font-size\"><strong>O Que S\u00e3o Cookies?<\/strong><\/h2>\n\n\n\n<p>Cookies s\u00e3o pequenos arquivos armazenados no navegador para facilitar e personalizar sua navega\u00e7\u00e3o.<\/p>\n\n\n\n<h2 class=\"wp-block-heading has-medium-font-size\"><strong>Tipos de Cookies Utilizados<\/strong><\/h2>\n\n\n\n<ul class=\"wp-block-list\">\n<li>Cookies essenciais: Garantem o funcionamento b\u00e1sico do site.<\/li>\n\n\n\n<li>Cookies de an\u00e1lise: Coletados por servi\u00e7os como Google Analytics para entender como o site \u00e9 utilizado.<\/li>\n<\/ul>\n\n\n\n<h2 class=\"wp-block-heading has-medium-font-size\"><strong>Gerenciamento de Cookies<\/strong><\/h2>\n\n\n\n<p>Voc\u00ea pode desativar os cookies nas configura\u00e7\u00f5es do seu navegador, mas isso pode impactar a funcionalidade do site.<\/p>\n\n\n\n<h2 class=\"wp-block-heading has-medium-font-size\"><strong>Contato<\/strong><\/h2>\n\n\n\n<p>Para mais informa\u00e7\u00f5es, entre em contato pelo e-mail: <a>contato@allthebasics.com.br<\/a>.<\/p>\n\n\n\n<p><\/p>\n","protected":false},"excerpt":{"rendered":"<p>Pol\u00edtica de Cookies O site All the Basics English Online utiliza cookies para melhorar a experi\u00eancia de navega\u00e7\u00e3o. O Que [&hellip;]<\/p>\n","protected":false},"author":1,"featured_media":0,"parent":0,"menu_order":0,"comment_status":"closed","ping_status":"closed","template":"","meta":{"_uag_custom_page_level_css":"","_monsterinsights_skip_tracking":false,"_monsterinsights_sitenote_active":false,"_monsterinsights_sitenote_note":"","_monsterinsights_sitenote_category":0,"site-sidebar-layout":"default","site-content-layout":"","ast-site-content-layout":"","site-content-style":"default","site-sidebar-style":"default","ast-global-header-display":"","ast-banner-title-visibility":"","ast-main-header-display":"","ast-hfb-above-header-display":"","ast-hfb-below-header-display":"","ast-hfb-mobile-header-display":"","site-post-title":"disabled","ast-breadcrumbs-content":"","ast-featured-img":"","footer-sml-layout":"","ast-disable-related-posts":"","theme-transparent-header-meta":"","adv-header-id-meta":"","stick-header-meta":"","header-above-stick-meta":"","header-main-stick-meta":"","header-below-stick-meta":"","astra-migrate-meta-layouts":"default","ast-page-background-enabled":"default","ast-page-background-meta":{"desktop":{"background-color":"var(--ast-global-color-4)","background-image":"","background-repeat":"repeat","background-position":"center center","background-size":"auto","background-attachment":"scroll","background-type":"","background-media":"","overlay-type":"","overlay-color":"","overlay-opacity":"","overlay-gradient":""},"tablet":{"background-color":"","background-image":"","background-repeat":"repeat","background-position":"center center","background-size":"auto","background-attachment":"scroll","background-type":"","background-media":"","overlay-type":"","overlay-color":"","overlay-opacity":"","overlay-gradient":""},"mobile":{"background-color":"","background-image":"","background-repeat":"repeat","background-position":"center center","background-size":"auto","background-attachment":"scroll","background-type":"","background-media":"","overlay-type":"","overlay-color":"","overlay-opacity":"","overlay-gradient":""}},"ast-content-background-meta":{"desktop":{"background-color":"var(--ast-global-color-5)","background-image":"","background-repeat":"repeat","background-position":"center center","background-size":"auto","background-attachment":"scroll","background-type":"","background-media":"","overlay-type":"","overlay-color":"","overlay-opacity":"","overlay-gradient":""},"tablet":{"background-color":"var(--ast-global-color-5)","background-image":"","background-repeat":"repeat","background-position":"center center","background-size":"auto","background-attachment":"scroll","background-type":"","background-media":"","overlay-type":"","overlay-color":"","overlay-opacity":"","overlay-gradient":""},"mobile":{"background-color":"var(--ast-global-color-5)","background-image":"","background-repeat":"repeat","background-position":"center center","background-size":"auto","background-attachment":"scroll","background-type":"","background-media":"","overlay-type":"","overlay-color":"","overlay-opacity":"","overlay-gradient":""}},"footnotes":""},"class_list":["post-41","page","type-page","status-publish","hentry"],"uagb_featured_image_src":{"full":false,"thumbnail":false,"medium":false,"medium_large":false,"large":false,"1536x1536":false,"2048x2048":false},"uagb_author_info":{"display_name":"LuizXavier","author_link":"https:\/\/allthebasics.com.br\/author\/luizxavier"},"uagb_comment_info":0,"uagb_excerpt":"Pol\u00edtica de Cookies O site All the Basics English Online utiliza cookies para melhorar a experi\u00eancia de navega\u00e7\u00e3o. O Que [&hellip;]","_links":{"self":[{"href":"https:\/\/allthebasics.com.br\/index.php?rest_route=\/wp\/v2\/pages\/41","targetHints":{"allow":["GET"]}}],"collection":[{"href":"https:\/\/allthebasics.com.br\/index.php?rest_route=\/wp\/v2\/pages"}],"about":[{"href":"https:\/\/allthebasics.com.br\/index.php?rest_route=\/wp\/v2\/types\/page"}],"author":[{"embeddable":true,"href":"https:\/\/allthebasics.com.br\/index.php?rest_route=\/wp\/v2\/users\/1"}],"replies":[{"embeddable":true,"href":"https:\/\/allthebasics.com.br\/index.php?rest_route=%2Fwp%2Fv2%2Fcomments&post=41"}],"version-history":[{"count":4,"href":"https:\/\/allthebasics.com.br\/index.php?rest_route=\/wp\/v2\/pages\/41\/revisions"}],"predecessor-version":[{"id":228,"href":"https:\/\/allthebasics.com.br\/index.php?rest_route=\/wp\/v2\/pages\/41\/revisions\/228"}],"wp:attachment":[{"href":"https:\/\/allthebasics.com.br\/index.php?rest_route=%2Fwp%2Fv2%2Fmedia&parent=41"}],"curies":[{"name":"wp","href":"https:\/\/api.w.org\/{rel}","templated":true}]}}